90683907 composite?
False
Is 53818729577 prime?
True
Is 22864399 prime?
True
Is 235942807 a composite number?
False
Is 11061068327 composite?
False
Is 25882187207 composite?
True
Is 54361374163 a composite number?
False
Is 1106371991 prime?
False
Is 2542101073 a composite number?
True
Is 9334923139 a composite number?
False
Is 14121142771 prime?
True
Is 1907479579 a prime number?
False
Is 21600360749 a composite number?
True
Is 1180200493 prime?
True
Is 86361475531 a prime number?
False
Is 2176156019 composite?
False
Is 481780601 prime?
False
Is 6748965085 prime?
False
Is 476204909 prime?
True
Is 307366195 prime?
False
Is 436021277 a prime number?
False
Is 10104929893 a prime number?
False
Is 414038423 prime?
False
Is 64030187 prime?
False
Is 52239203483 prime?
True
Is 2245062013 a prime number?
False
Is 21879452978 composite?
True
Is 878108599 composite?
True
Is 15243668457 composite?
True
Is 3305642303 prime?
True
Is 46458002257 a prime number?
False
Is 3011604698 composite?
True
Is 66127408681 a composite number?
False
Is 10803051323 a prime number?
True
Is 92657921 prime?
True
Is 56122829551 prime?
True
Is 196777785601 composite?
True
Is 10072320683 composite?
False
Is 120506881 prime?
False
Is 16965339539 composite?
False
Is 341424787213 composite?
False
Is 4718627 a prime number?
True
Is 8394699799 a prime number?
False
Is 5534793049 a prime number?
True
Is 8152997254 a prime number?
False
Is 116493562667 prime?
False
Is 16820339761 a prime number?
True
Is 5509274879 a prime number?
True
Is 412864937 a prime number?
True
Is 949779559 prime?
True
Is 3589557511 composite?
False
Is 519502747 composite?
True
Is 1591142023 prime?
False
Is 14983151707 a composite number?
True
Is 131319920371 a composite number?
False
Is 29345738921 prime?
True
Is 22242768383 a composite number?
True
Is 272580757 a composite number?
True
Is 7872681361 prime?
True
Is 947964559 a composite number?
True
Is 4598714797 prime?
True
Is 11443362739 a prime number?
True
Is 114757341821 composite?
False
Is 18312977 composite?
False
Is 12161497589 a composite number?
False
Is 59886103 a prime number?
False
Is 12148203889 a composite number?
True
Is 3519033379 prime?
False
Is 114087254459 a prime number?
True
Is 12362130853 a composite number?
False
Is 557966761 a prime number?
False
Is 5091587071 a composite number?
False
Is 27362484629 a prime number?
False
Is 18698956798 composite?
True
Is 2315231201 composite?
False
Is 1302117877 a prime number?
False
Is 11145551497 a composite number?
False
Is 7497680233 a composite number?
True
Is 1455852947 prime?
False
Is 7007145113 prime?
True
Is 45845870747 prime?
False
Is 124014557 a composite number?
False
Is 2796442919 a composite number?
False
Is 180669823 a composite number?
False
Is 767157101 prime?
True
Is 11645616677 a composite number?
False
Is 33119321 prime?
False
Is 118596375571 a prime number?
False
Is 3026461817 a prime number?
False
Is 500902737 a prime number?
False
Is 10324557461 composite?
False
Is 151179229 a prime number?
True
Is 3836047217 composite?
True
Is 50912872837 a prime number?
True
Is 149796876703 prime?
False
Is 11781757879 composite?
True
Is 159667477 a composite number?
False
Is 322980301 a composite number?
True
Is 5335578335 a composite number?
True
Is 764687201 a composite number?
False
Is 134501017261 a prime number?
False
Is 4878892311 prime?
False
Is 25233279257 a prime number?
False
Is 4635980099 composite?
False
Is 363818867 prime?
False
Is 12976583755 a composite number?
True
Is 1211531983 a prime number?
True
Is 12846568369 a composite number?
False
Is 193736009 a prime number?
True
Is 240576587 prime?
False
Is 1421000641 prime?
False
Is 2962708211 prime?
True
Is 1213162451 a prime number?
True
Is 35657191793 a prime number?
False
Is 217752773231 composite?
True
Is 24104885183 a composite number?
False
Is 4970895661 composite?
False
Is 1037651063 prime?
False
Is 5123541827 prime?
False
Is 2826075983 composite?
False
Is 5134197239 prime?
True
Is 10047898837 a composite number?
False
Is 1036979623 a prime number?
True
Is 3795673093 composite?
False
Is 24046557077 a composite number?
False
Is 2666182307 a prime number?
False
Is 115163231485 composite?
True
Is 244639721 composite?
False
Is 741893501 composite?
True
Is 105757963937 prime?
False
Is 142397399 prime?
True
Is 264126482943 a composite number?
True
Is 74341691 composite?
False
Is 6692844799 a composite number?
False
Is 252274499 composite?
False
Is 1024891547 prime?
True
Is 272732718223 prime?
False
Is 1171030043 a composite number?
True
Is 196757963 a prime number?
True
Is 2237854019 prime?
True
Is 14392376459 a prime number?
False
Is 1944124031 composite?
False
Is 69759869 a composite number?
False
Is 276212789 a composite number?
False
Is 10965117067 composite?
True
Is 6333215909 a prime number?
False
Is 7546578509 composite?
False
Is 1368485439 a composite number?
True
Is 6236077801 prime?
False
Is 729454969 composite?
False
Is 111971971 a composite number?
True
Is 52659743317 composite?
False
Is 1153166843 prime?
True
Is 1437628061 composite?
True
Is 14720430839 composite?
False
Is 15078430454 composite?
True
Is 2353995989 composite?
False
Is 41829888787 a prime number?
True
Is 34064382467 composite?
False
Is 81355411495 a prime number?
False
Is 211185941 a prime number?
False
Is 658422511 a composite number?
True
Is 676884743 composite?
False
Is 22446333803 prime?
False
Is 169752667471 composite?
False
Is 4715973697 a composite number?
False
Is 91177174861 a prime number?
True
Is 4004040371 a prime number?
False
Is 33671499193 a prime number?
True
Is 2276089973 a prime number?
True
Is 811075583 a composite number?
False
Is 83936222639 prime?
True
Is 65951362739 a prime number?
True
Is 1828681531 composite?
True
Is 3091414139 prime?
False
Is 17031821 a composite number?
False
Is 301540508419 a prime number?
False
Is 369418455707 a prime number?
False
Is 14452533789 a composite number?
True
Is 6331047253 prime?
True
Is 2157118487 a composite number?
False
Is 2255723053 prime?
True
Is 2583809717 a composite number?
False
Is 2766305807 prime?
False
Is 24019519297 composite?
False
Is 46936790729 a composite number?
False
Is 134374905781 composite?
False
Is 1198139909 a prime number?
True
Is 122547192907 composite?
False
Is 476920931 a prime number?
True
Is 25299879067 composite?
True
Is 832464439 a composite number?
True
Is 21646879 prime?
True
Is 245844731117 prime?
False
Is 718446611 prime?
True
Is 2151946259 composite?
True
Is 2622005821 a prime number?
True
Is 1013987333 a composite number?
True
Is 6641600333 composite?
False
Is 18600141211 a prime number?
True
Is 1026384454 a prime number?
False
Is 1697069813 prime?
False
Is 105970832467 a prime number?
True
Is 78330037 prime?
True
Is 25805820746 a composite number?
True
Is 2552057819 a composite number?
False
Is 34811191627 composite?
False
Is 226104938167 composite?
False
Is 2845127399 a composite number?
False
Is 9771976043 prime?
True
Is 99658390043 a composite number?
False
Is 4248631661 prime?
False
Is 7986717709 a composite number?
False
Is 66672866053 a composite number?
False
Is 11796098135 prime?
False
Is 7551187459 a composite number?
False
Is 2818483537 a composite number?
False
Is 233103779911 prime?
True
Is 669419953 a prime number?
True
Is 10820138863 a composite number?
True
Is 828836033 a prime number?
False
Is 9621418513 a prime number?
False
Is 617832701 a prime number?
True
Is 24733367537 composite?
False
Is 549897851 a prime number?
True
Is 3622956047 composite?
True
Is 6479987833 a composite number?
True
Is 389754283 a composite number?
True
Is 16773582941 a composite number?
True
Is 3549116071 a prime number?
True
Is 826623326 composite?
True
Is 87300050117 a composite number?
True
Is 5442020429 composite?
False
Is 1320330409 composite?
True
Is 2260084951 prime?
False
Is 740219069 prime?
True
Is 176341631 composite?
False
Is 119351549 prime?
True
Is 13348187053 composite?
False
Is 2810844961 composite?
False
Is 222667307 composite?
True
Is 1293931807 a composite number?
True
Is 20369027911 composite?
False
Is 1139336483 a prime number?
True
Is 8737413889 composite?
False
Is 794074063 a composite number?
True
Is 60588284329 a prime number?
True
Is 4